{"id":2400,"date":"2016-10-26T03:52:22","date_gmt":"2016-10-26T01:52:22","guid":{"rendered":"https:\/\/vdegallo.com\/?post_type=product&#038;p=2400"},"modified":"2025-05-06T15:55:45","modified_gmt":"2025-05-06T13:55:45","slug":"italie-italy-oura-da-punente-coro-della-valle-di-ceriana-imperia-3","status":"publish","type":"product","link":"https:\/\/vdegallo.com\/de\/produit\/italie-italy-oura-da-punente-coro-della-valle-di-ceriana-imperia-3\/","title":{"rendered":"ITALIE\/ ITALY\u00a0: OURA DA PUN\u00c8NTE \u2013 CORO DELLA VALLE DI CERIANA (IMPERIA)"},"content":{"rendered":"<p><strong>ITALIE\/ ITALY\u00a0:<i> <\/i>OURA DA PUN\u00c8NTE \u2013 CORO DELLA VALLE DI CERIANA (IMPERIA)<br \/><\/strong>A cansun de Seriana \u2013 En Babilonia \u2013 En ta vale de Pigna \u2013 A via di orti \u2013 A cansun di m\u00fcratei \u2013 E navig\u00f2\u2026 e navig\u00f2\u2026 \u2013 Ma s\u00e9 gh\u00e9 p\u00e9nso \u2013 Angerina \u2013 A figlia du man\u00e8nte \u2013 L&#8217;amigu fed\u00e9le \u2013 Rundin\u00e8la b\u00e8la \u2013 La Liguria senza il mare.<\/p>\n<p><strong>Coro della Valle di Ceriana<\/strong> (Imperia).<\/p>\n","protected":false},"excerpt":{"rendered":"<p>&nbsp;<br \/>\n<iframe style=\"border-radius:12px\" src=\"https:\/\/open.spotify.com\/embed\/album\/5f95qnLSijdy9aMPZtmq4A?utm_source=generator&#038;theme=0\" width=\"100%\" height=\"352\" frameBorder=\"0\" allowfullscreen=\"\" allow=\"autoplay; clipboard-write; encrypted-media; fullscreen; picture-in-picture\" loading=\"lazy\"><\/iframe><\/p>\n","protected":false},"featured_media":18341,"comment_status":"open","ping_status":"closed","template":"","meta":{"_acf_changed":false},"product_brand":[],"product_cat":[5239,5304],"product_tag":[],"class_list":["post-2400","product","type-product","status-publish","has-post-thumbnail","vde_interprets-caviglia-angelo_de","vde_interprets-coro-della-valle-di-ceriana_de","vde_interprets-crespi-mauro_de","vde_interprets-lupi-angelo_de","vde_interprets-paolo-capone-gian_de","vde_interprets-veneziano-andreina_de","product_cat-volksmusik","product_cat-chore-blechmusik","first","instock","taxable","shipping-taxable","purchasable","product-type-simple"],"acf":[],"_links":{"self":[{"href":"https:\/\/vdegallo.com\/de\/wp-json\/wp\/v2\/product\/2400","targetHints":{"allow":["GET"]}}],"collection":[{"href":"https:\/\/vdegallo.com\/de\/wp-json\/wp\/v2\/product"}],"about":[{"href":"https:\/\/vdegallo.com\/de\/wp-json\/wp\/v2\/types\/product"}],"replies":[{"embeddable":true,"href":"https:\/\/vdegallo.com\/de\/wp-json\/wp\/v2\/comments?post=2400"}],"wp:featuredmedia":[{"embeddable":true,"href":"https:\/\/vdegallo.com\/de\/wp-json\/wp\/v2\/media\/18341"}],"wp:attachment":[{"href":"https:\/\/vdegallo.com\/de\/wp-json\/wp\/v2\/media?parent=2400"}],"wp:term":[{"taxonomy":"product_brand","embeddable":true,"href":"https:\/\/vdegallo.com\/de\/wp-json\/wp\/v2\/product_brand?post=2400"},{"taxonomy":"product_cat","embeddable":true,"href":"https:\/\/vdegallo.com\/de\/wp-json\/wp\/v2\/product_cat?post=2400"},{"taxonomy":"product_tag","embeddable":true,"href":"https:\/\/vdegallo.com\/de\/wp-json\/wp\/v2\/product_tag?post=2400"}],"curies":[{"name":"wp","href":"https:\/\/api.w.org\/{rel}","templated":true}]}}

ITALIE/ ITALY : OURA DA PUNÈNTE – CORO DELLA VALLE DI CERIANA (IMPERIA)

<p><strong>ITALIE/ ITALY :<i> </i>OURA DA PUNÈNTE – CORO DELLA VALLE DI CERIANA (IMPERIA)<br /></strong>A cansun de Seriana – En Babilonia – En ta vale de Pigna – A via di orti – A cansun di müratei – E navigò… e navigò… – Ma sé ghé pénso – Angerina – A figlia du manènte – L&#8217;amigu fedéle – Rundinèla bèla – La Liguria senza il mare.</p>
<p><strong>Coro della Valle di Ceriana</strong> (Imperia).</p>
