{"id":3277,"date":"2016-10-26T03:57:11","date_gmt":"2016-10-26T01:57:12","guid":{"rendered":"https:\/\/vdegallo.com\/?post_type=product&#038;p=3277"},"modified":"2025-05-06T15:55:24","modified_gmt":"2025-05-06T13:55:24","slug":"vagalatschk-krasnaia-valaschia-3","status":"publish","type":"product","link":"https:\/\/vdegallo.com\/de\/produit\/vagalatschk-krasnaia-valaschia-3\/","title":{"rendered":"VAGALATSCHK \u2013 KRASNA\u00cfA VALASCHIA"},"content":{"rendered":"<p><strong>VAGALATSCHK \u2013 KRASNA\u00cfA VALASCHIA<br \/>\nMarc BERMAN\u00a0: <\/strong>Basilitsch \u2013 Pietrouschka \u2013 Politika Kriminalu \u2013 Paprikuschko \u2013 Bublitschky \u2013 Pasha Ruki \u2013 Krasna\u00efa Valaschia I \u2013 Krasna\u00efa Valaschia II \u2013 Usinak \u2013 Shabska \u2013 Rotitschk \u2013 Le cri de Popovitschi \u2013 Proletku I \u2013 Proletku II.<\/p>\n<p>Krasna\u00efa Valaschia est l\u2019\u00e9pop\u00e9e musicale et saignante d\u2019une jeune fille sauvage n\u00e9e en Vlagachie, une contr\u00e9e imaginaire dont la rudesse fait sa po\u00e9sie.<\/p>\n<p><strong>Olga Kamienik<\/strong>, voix et guimbarde \u2013 <strong>Alexandra Tundo<\/strong>, clarinettes \u2013 <strong>Marc Berman<\/strong>, accord\u00e9on, narration \u2013 <strong>L\u00e9on Kadi<\/strong>, trombone, violon et fl\u00fbte \u2013 <strong>Ben Vicq<\/strong>, guitare \u00e9lectrique \u2013 <strong>Sam Albert<\/strong>, contrebasse \u2013 <strong>Mathias Noverraz<\/strong>, batterie. Krasna\u00efa Valaschia est un disque habill\u00e9 d\u2019un petit livre de 36 pages. Style: Balkanique dansant.<\/p>\n","protected":false},"excerpt":{"rendered":"<p>&nbsp;<br \/>\n<iframe style=\"border-radius:12px\" src=\"https:\/\/open.spotify.com\/embed\/album\/4OLjpGYFRlhZpDTDvaMJr8?utm_source=generator&#038;theme=0\" width=\"100%\" height=\"352\" frameBorder=\"0\" allowfullscreen=\"\" allow=\"autoplay; clipboard-write; encrypted-media; fullscreen; picture-in-picture\" loading=\"lazy\"><\/iframe><\/p>\n","protected":false},"featured_media":17785,"comment_status":"open","ping_status":"closed","template":"","meta":{"_acf_changed":false},"product_brand":[],"product_cat":[5239],"product_tag":[],"class_list":["post-3277","product","type-product","status-publish","has-post-thumbnail","vde_composers-berman-marc_de","vde_interprets-albert-sam_de","vde_interprets-kadi-leon_de","vde_interprets-kamienik-olga_de","vde_interprets-noverraz-mathias_de","vde_interprets-tundo-alexandra_de","vde_interprets-vicq-ben_de","product_cat-volksmusik","first","instock","taxable","shipping-taxable","purchasable","product-type-simple"],"acf":[],"_links":{"self":[{"href":"https:\/\/vdegallo.com\/de\/wp-json\/wp\/v2\/product\/3277","targetHints":{"allow":["GET"]}}],"collection":[{"href":"https:\/\/vdegallo.com\/de\/wp-json\/wp\/v2\/product"}],"about":[{"href":"https:\/\/vdegallo.com\/de\/wp-json\/wp\/v2\/types\/product"}],"replies":[{"embeddable":true,"href":"https:\/\/vdegallo.com\/de\/wp-json\/wp\/v2\/comments?post=3277"}],"wp:featuredmedia":[{"embeddable":true,"href":"https:\/\/vdegallo.com\/de\/wp-json\/wp\/v2\/media\/17785"}],"wp:attachment":[{"href":"https:\/\/vdegallo.com\/de\/wp-json\/wp\/v2\/media?parent=3277"}],"wp:term":[{"taxonomy":"product_brand","embeddable":true,"href":"https:\/\/vdegallo.com\/de\/wp-json\/wp\/v2\/product_brand?post=3277"},{"taxonomy":"product_cat","embeddable":true,"href":"https:\/\/vdegallo.com\/de\/wp-json\/wp\/v2\/product_cat?post=3277"},{"taxonomy":"product_tag","embeddable":true,"href":"https:\/\/vdegallo.com\/de\/wp-json\/wp\/v2\/product_tag?post=3277"}],"curies":[{"name":"wp","href":"https:\/\/api.w.org\/{rel}","templated":true}]}}

VAGALATSCHK – KRASNAÏA VALASCHIA

<p><strong>VAGALATSCHK – KRASNAÏA VALASCHIA<br />
Marc BERMAN : </strong>Basilitsch – Pietrouschka – Politika Kriminalu – Paprikuschko – Bublitschky – Pasha Ruki – Krasnaïa Valaschia I – Krasnaïa Valaschia II – Usinak – Shabska – Rotitschk – Le cri de Popovitschi – Proletku I – Proletku II.</p>
<p>Krasnaïa Valaschia est l’épopée musicale et saignante d’une jeune fille sauvage née en Vlagachie, une contrée imaginaire dont la rudesse fait sa poésie.</p>
<p><strong>Olga Kamienik</strong>, voix et guimbarde – <strong>Alexandra Tundo</strong>, clarinettes – <strong>Marc Berman</strong>, accordéon, narration – <strong>Léon Kadi</strong>, trombone, violon et flûte – <strong>Ben Vicq</strong>, guitare électrique – <strong>Sam Albert</strong>, contrebasse – <strong>Mathias Noverraz</strong>, batterie. Krasnaïa Valaschia est un disque habillé d’un petit livre de 36 pages. Style: Balkanique dansant.</p>
