{"id":37647,"date":"2016-10-25T06:32:53","date_gmt":"2023-04-27T20:16:09","guid":{"rendered":"https:\/\/vdegallo.com\/?post_type=product&#038;p=37647"},"modified":"2025-05-06T15:57:05","modified_gmt":"2025-05-06T13:57:05","slug":"mozart-haydn-airs-sacres-sacred-arias-live-annick-massis-choeurs-orchestre-colonne-daniel-inbal-2","status":"publish","type":"product","link":"https:\/\/vdegallo.com\/de\/produit\/mozart-haydn-airs-sacres-sacred-arias-live-annick-massis-choeurs-orchestre-colonne-daniel-inbal-2\/","title":{"rendered":"Mozart &#8211; Haydn: Airs Sacr\u00e9s &#8211; Sacred Arias (Live) &#8211; Annick Massis &#8211; Ch\u0153urs &#038; Orchestre Colonne, Daniel Inbal"},"content":{"rendered":"<p><strong>Wolfgang Amadeus MOZART:<\/strong> Vesperae solennes de confessore, K. 339: V. Laudate Dominum &#8211; Exsultate, jubilate, K. 165: I. Exsultate, jubilate &#8211; Exsultate, jubilate, K. 165: II. Fulget amica dies &#8211; Exsultate, jubilate, K. 165: III. Tu virginum corona &#8211; Exsultate, jubilate, K. 165: IV. Alleluia &#8211; Mass in C Major, K. 317 &#8222;Coronation&#8220;: VI. Agnus Dei &#8211; Mass in C Minor, K. 427 &#8222;Great Mass&#8220;: III. Credo. Et incarnatus est &#8211; Litaniae de venerabili altaris sacramento, K. 243: VI. Dulcissimum conivium &#8211; Franz Joseph HAYDN: Il ritorno di Tobia, Hob. XXI:1: Pt. 2. No. 10b Come se a voi parlasse &#8211; Die Jahreszeiten, Hob. XXI:3: Pt. 2 &#8222;Der Sommer&#8220;. Willkommen jetzt, o dunkler Hain &#8211; Die Jahreszeiten, Hob. XXI:3: Pt. 2 &#8222;Der Sommer&#8220;. Welche Labung f\u00fcr die Sinne &#8211; Die Jahreszeiten, Hob. XXI:3: Pt. 4 &#8222;Der Winter&#8220;. Licht und Leben sind geschw\u00e4chet &#8211; Die Sch\u00f6pfung, Hob. XXI:2: Pt. 1. No. 7 Und Gott spach. Es bringe die Erde Gras hervor &#8211; Die Sch\u00f6pfung, Hob. XXI:2: Pt 1. No. 8 Nun beut die Flur das frische Gr\u00fcn &#8211; Die Sch\u00f6pfung, Hob. XXI:2: Pt. 2. No. 14 Und Gott sprach. Es bringe das Wasser in der F\u00fclle hervor &#8211; Die Sch\u00f6pfung, Hob. XXI:2: Pt 2. No. 15 Auf starkem Fittiche schwinget sich der Adler stolz &#8211; Stabat Mater, Hob. XXbis: III. Quis est homo qui non fleret.<\/p>\n<p><strong>Annick Massis<\/strong>, Sopran &#8211; <strong>Ch\u0153urs &amp; Orchestre Colonne, Daniel Inbal<\/strong>, Leitung.<\/p>\n<p><a href=\"https:\/\/www.annickmassis.com\" target=\"_blank\" rel=\"noopener\">https:\/\/www.annickmassis.com<\/a><\/p>\n<hr \/>\n<p><strong>Annick Massis<\/strong>, Sopran<\/p>\n<p>Nach ihrem Musikstudium in Paris stand sie 1991 zum ersten Mal auf der B\u00fchne des Capitole de Toulouse. Nachdem sie in der Titelrolle von La Finta Giardinera aufgefallen war, entschied sie sich f\u00fcr Mozart: Grande Messe in C, Exultate Jubilate, Requiem, Die Entf\u00fchrung aus dem Serail, Le Nozze di Figaro f\u00fcr ihre ersten Schritte an der Op\u00e9ra de Paris Bastille. Parallel dazu vertiefte Annick Massis das franz\u00f6sische Repertoire, das ihr Triumphe in den brillantesten Rollen bescherte: Le\u00efla in Bizets Les P\u00eacheurs de Perles, Philine in Mignon von Ambroise Thomas. Sie fiel auch durch ihre Interpretationen zahlreicher gro\u00dfer Rollen des Belcanto-Repertoires auf. Sie nahm an zahlreichen Konzerten an der Seite von Formationen wie dem Ensemble Orchestral de Paris, dem Orchestre National du Capitole de Toulouse, dem Orchestre National de France und dem Ensemble intercontemporain teil. Sie tritt auch bei Liederabenden im Ch\u00e2telet, an der Mail\u00e4nder Scala und in der Villa Medici in Rom auf. Annick Massis hat an mehreren Schallplattenaufnahmen mitgewirkt.<\/p>\n<p><strong>Daniel Inbal<\/strong>, Dirigent<\/p>\n<p>Nach seiner Ausbildung am Frankfurter Konservatorium absolvierte Daniel Inbal ein Klavierstudium in Hannover in der Klasse von David Wilde. 1993 wurde er in die Dirigierklasse von Leopold Hager in Wien aufgenommen und nahm an mehreren Meisterkursen teil, darunter die Kurse von Gianluigi Gelmetti in Siena, wo er 2001 das Diploma del Merito erhielt. Seit 1996 leitet er zahlreiche Konzerte mit dem \u00d6sterreichischen Frauenkammerorchester, einer Formation, mit der er regelm\u00e4\u00dfig zeitgen\u00f6ssische Werke auff\u00fchrt und urauff\u00fchrt. Daniel Inbal arbeitet regelm\u00e4\u00dfig als Assistenzdirigent des Orchestra Nazionale della Rai in Turin, wo er unter anderem f\u00fcr die Produktion von Wagners Ring engagiert wurde. Als Assistent von Theodor Guschlbauer an der Op\u00e9ra National du Rhin wurde er 1999 mit der Produktion von Ariadne auf Naxos betraut, die er mit gro\u00dfem Erfolg leitete. Seitdem leitet er Formationen wie das Sofia Festival Orchestra, die M\u00e4hrische Philharmonie, die Staatsphilharmonie Rheinland-Pfalz und das Staatsorchester Braunschweig. 2001 nahm er Martinus dritte Symphonie und Bartoks Tanzsuite mit den K\u00f6lner Symphonikern auf. 2002 dirigierte er Bruckners 5. Symphonie und Sibelius&#8216; 7. Symphonie auf einer Asientournee mit dem Jeunesses Musicales de l&#8217;Orchestre Mondial. Im Jahr 2004 wird Daniel Inbal sein Deb\u00fct in Berlin mit dem Deutschen Symphonieorchester Berlin geben.<\/p>\n","protected":false},"excerpt":{"rendered":"<p>&nbsp;<\/p>\n<p style=\"text-align: center;\"><strong>Extraits \/ Excerpts<\/strong><\/p>\n[playlist images=\"false\" ids=\"37643,37640,37637,37634,37631,37628,37625,37622,37619,37616,37613,37610,37607,37604,37601,37598,37592\"]\n","protected":false},"featured_media":37591,"comment_status":"open","ping_status":"closed","template":"","meta":{"_acf_changed":false},"product_brand":[],"product_cat":[5307,5246,5265],"product_tag":[],"class_list":["post-37647","product","type-product","status-publish","has-post-thumbnail","vde_composers-haydn-joseph_de","vde_composers-mozart-wolfgang-amadeus_de","vde_interprets-inbal-daniel-de","vde_interprets-massis-annick-de","vde_interprets-orchestre-colonne-de","product_cat-cascavelle-de","product_cat-orchestermusik","product_cat-recital_de","first","instock","taxable","shipping-taxable","purchasable","product-type-simple"],"acf":[],"_links":{"self":[{"href":"https:\/\/vdegallo.com\/de\/wp-json\/wp\/v2\/product\/37647","targetHints":{"allow":["GET"]}}],"collection":[{"href":"https:\/\/vdegallo.com\/de\/wp-json\/wp\/v2\/product"}],"about":[{"href":"https:\/\/vdegallo.com\/de\/wp-json\/wp\/v2\/types\/product"}],"replies":[{"embeddable":true,"href":"https:\/\/vdegallo.com\/de\/wp-json\/wp\/v2\/comments?post=37647"}],"wp:featuredmedia":[{"embeddable":true,"href":"https:\/\/vdegallo.com\/de\/wp-json\/wp\/v2\/media\/37591"}],"wp:attachment":[{"href":"https:\/\/vdegallo.com\/de\/wp-json\/wp\/v2\/media?parent=37647"}],"wp:term":[{"taxonomy":"product_brand","embeddable":true,"href":"https:\/\/vdegallo.com\/de\/wp-json\/wp\/v2\/product_brand?post=37647"},{"taxonomy":"product_cat","embeddable":true,"href":"https:\/\/vdegallo.com\/de\/wp-json\/wp\/v2\/product_cat?post=37647"},{"taxonomy":"product_tag","embeddable":true,"href":"https:\/\/vdegallo.com\/de\/wp-json\/wp\/v2\/product_tag?post=37647"}],"curies":[{"name":"wp","href":"https:\/\/api.w.org\/{rel}","templated":true}]}}

Mozart &#8211; Haydn: Airs Sacrés &#8211; Sacred Arias (Live) &#8211; Annick Massis &#8211; Chœurs &#038; Orchestre Colonne, Daniel Inbal

<p><strong>Wolfgang Amadeus MOZART:</strong> Vesperae solennes de confessore, K. 339: V. Laudate Dominum &#8211; Exsultate, jubilate, K. 165: I. Exsultate, jubilate &#8211; Exsultate, jubilate, K. 165: II. Fulget amica dies &#8211; Exsultate, jubilate, K. 165: III. Tu virginum corona &#8211; Exsultate, jubilate, K. 165: IV. Alleluia &#8211; Mass in C Major, K. 317 &#8222;Coronation&#8220;: VI. Agnus Dei &#8211; Mass in C Minor, K. 427 &#8222;Great Mass&#8220;: III. Credo. Et incarnatus est &#8211; Litaniae de venerabili altaris sacramento, K. 243: VI. Dulcissimum conivium &#8211; Franz Joseph HAYDN: Il ritorno di Tobia, Hob. XXI:1: Pt. 2. No. 10b Come se a voi parlasse &#8211; Die Jahreszeiten, Hob. XXI:3: Pt. 2 &#8222;Der Sommer&#8220;. Willkommen jetzt, o dunkler Hain &#8211; Die Jahreszeiten, Hob. XXI:3: Pt. 2 &#8222;Der Sommer&#8220;. Welche Labung für die Sinne &#8211; Die Jahreszeiten, Hob. XXI:3: Pt. 4 &#8222;Der Winter&#8220;. Licht und Leben sind geschwächet &#8211; Die Schöpfung, Hob. XXI:2: Pt. 1. No. 7 Und Gott spach. Es bringe die Erde Gras hervor &#8211; Die Schöpfung, Hob. XXI:2: Pt 1. No. 8 Nun beut die Flur das frische Grün &#8211; Die Schöpfung, Hob. XXI:2: Pt. 2. No. 14 Und Gott sprach. Es bringe das Wasser in der Fülle hervor &#8211; Die Schöpfung, Hob. XXI:2: Pt 2. No. 15 Auf starkem Fittiche schwinget sich der Adler stolz &#8211; Stabat Mater, Hob. XXbis: III. Quis est homo qui non fleret.</p>
<p><strong>Annick Massis</strong>, Sopran &#8211; <strong>Chœurs &amp; Orchestre Colonne, Daniel Inbal</strong>, Leitung.</p>
<p><a href="https://www.annickmassis.com" target="_blank" rel="noopener">https://www.annickmassis.com</a></p>
<hr />
<p><strong>Annick Massis</strong>, Sopran</p>
<p>Nach ihrem Musikstudium in Paris stand sie 1991 zum ersten Mal auf der Bühne des Capitole de Toulouse. Nachdem sie in der Titelrolle von La Finta Giardinera aufgefallen war, entschied sie sich für Mozart: Grande Messe in C, Exultate Jubilate, Requiem, Die Entführung aus dem Serail, Le Nozze di Figaro für ihre ersten Schritte an der Opéra de Paris Bastille. Parallel dazu vertiefte Annick Massis das französische Repertoire, das ihr Triumphe in den brillantesten Rollen bescherte: Leïla in Bizets Les Pêcheurs de Perles, Philine in Mignon von Ambroise Thomas. Sie fiel auch durch ihre Interpretationen zahlreicher großer Rollen des Belcanto-Repertoires auf. Sie nahm an zahlreichen Konzerten an der Seite von Formationen wie dem Ensemble Orchestral de Paris, dem Orchestre National du Capitole de Toulouse, dem Orchestre National de France und dem Ensemble intercontemporain teil. Sie tritt auch bei Liederabenden im Châtelet, an der Mailänder Scala und in der Villa Medici in Rom auf. Annick Massis hat an mehreren Schallplattenaufnahmen mitgewirkt.</p>
<p><strong>Daniel Inbal</strong>, Dirigent</p>
<p>Nach seiner Ausbildung am Frankfurter Konservatorium absolvierte Daniel Inbal ein Klavierstudium in Hannover in der Klasse von David Wilde. 1993 wurde er in die Dirigierklasse von Leopold Hager in Wien aufgenommen und nahm an mehreren Meisterkursen teil, darunter die Kurse von Gianluigi Gelmetti in Siena, wo er 2001 das Diploma del Merito erhielt. Seit 1996 leitet er zahlreiche Konzerte mit dem Österreichischen Frauenkammerorchester, einer Formation, mit der er regelmäßig zeitgenössische Werke aufführt und uraufführt. Daniel Inbal arbeitet regelmäßig als Assistenzdirigent des Orchestra Nazionale della Rai in Turin, wo er unter anderem für die Produktion von Wagners Ring engagiert wurde. Als Assistent von Theodor Guschlbauer an der Opéra National du Rhin wurde er 1999 mit der Produktion von Ariadne auf Naxos betraut, die er mit großem Erfolg leitete. Seitdem leitet er Formationen wie das Sofia Festival Orchestra, die Mährische Philharmonie, die Staatsphilharmonie Rheinland-Pfalz und das Staatsorchester Braunschweig. 2001 nahm er Martinus dritte Symphonie und Bartoks Tanzsuite mit den Kölner Symphonikern auf. 2002 dirigierte er Bruckners 5. Symphonie und Sibelius&#8216; 7. Symphonie auf einer Asientournee mit dem Jeunesses Musicales de l&#8217;Orchestre Mondial. Im Jahr 2004 wird Daniel Inbal sein Debüt in Berlin mit dem Deutschen Symphonieorchester Berlin geben.</p>
