{"id":6663,"date":"2016-10-25T05:40:23","date_gmt":"2016-10-25T03:40:09","guid":{"rendered":"https:\/\/vdegallo.com\/?post_type=product&#038;p=6663"},"modified":"2025-05-06T15:57:13","modified_gmt":"2025-05-06T13:57:13","slug":"verdi-extraits-dopera-opera-excerpts-3","status":"publish","type":"product","link":"https:\/\/vdegallo.com\/de\/produit\/verdi-extraits-dopera-opera-excerpts-3\/","title":{"rendered":"VERDI : EXTRAITS D\u2019OP\u00c9RA \u2013 OPERA EXCERPTS"},"content":{"rendered":"<p><strong>Giuseppe VERDI :<\/strong><\/p>\n<p>Nabucco, Act 3: &#8222;Va, pensiero, sull&#8217;ali dorate&#8220;<br \/>\n<strong>Ch\u0153ur du Festival d&#8217;Op\u00e9ra Avenches<\/strong> &#8211; <strong>The Lausanne Sinfonietta<\/strong> &#8211; <strong>Rico Saccani<\/strong>, direction.<\/p>\n<p>La forza del destino, Act 4: &#8222;Pace, pace mio Dio&#8220;<br \/>\nIl trovatore, Act 4: &#8222;D&#8217;amor sull&#8217;ali rosee&#8220;<br \/>\nDon Carlo, Act 5: &#8222;Tu che le vanit\u00e0&#8220;<br \/>\n<strong>Fran\u00e7oise Pollet<\/strong>, soprano &#8211; <strong>Orchestre Philharmonique de Montpellier<\/strong> &#8211; <strong>Friedemann Layer<\/strong>, direction.<\/p>\n<p>La traviata, Act 1: &#8222;Libiamo ne&#8217;lieti calici&#8220;<br \/>\nLa traviata, Act 1: &#8222;Un di felice, eterea&#8220;<br \/>\n<strong>Rosa Vento<\/strong>, soprano &#8211; <strong>Marcello Alvarez<\/strong>, t\u00e9nor &#8211; <strong>Ch\u0153ur du Festival d&#8217;Op\u00e9ra Avenches<\/strong> &#8211; <strong>Budapest Philharmonic Orchestra<\/strong> &#8211; <strong>Janos Acs<\/strong>, direction.<\/p>\n<p>La traviata, Act 3: &#8222;Parigi, o cara, noi lasceremo&#8220;<br \/>\n<strong>Ch\u0153ur du Festival d&#8217;Op\u00e9ra Avenches<\/strong> &#8211; <strong>Budapest Philharmonic Orchestra<\/strong> &#8211; <strong>Janos Acs<\/strong>, direction.<\/p>\n<p>Aida, Act 1: &#8222;Se quel guerrier io fossi!&#8230;Celeste aida&#8220;<br \/>\n<strong>Lando Bartolini<\/strong>, t\u00e9nor &#8211; <strong>Orchestre des Rencontres Musicales Lausanne<\/strong> &#8211; <strong>Angelo Cavallaro<\/strong>, direction.<\/p>\n<p>Aida, Act 1: &#8222;Ritorna vincitor&#8220;<br \/>\n<strong>Fran\u00e7oise Pollet<\/strong>, soprano &#8211; <strong>Orchestre Philharmonique de Montpellier<\/strong> &#8211; <strong>Friedemann Layer<\/strong>, direction.<\/p>\n<p>Aida, Act 2: Triumphal march<br \/>\n<strong>Orchestre des Rencontres Musicales Lausanne<\/strong> &#8211; <strong>Angelo Cavallaro<\/strong>, direction.<\/p>\n<p>Aida, Act 2: &#8222;Vieni o guerriero vindice&#8220;<br \/>\n<strong>Ensemble Vocal de villars-sur-Gl\u00e2ne<\/strong> &#8211; <strong>Orchestre des Rencontres Musicales Lausanne<\/strong> &#8211; <strong>Angelo Cavallaro<\/strong>, direction.<\/p>\n<p>Aida, Act 4: &#8222;Gi\u00e0 i sacerdoti adunansi&#8220;<br \/>\n<strong>Ghena Dimitrova<\/strong>, mezzo-soprano &#8211; <strong>Lando Bartolini<\/strong>, t\u00e9nor &#8211; <strong>Orchestre des Rencontres Musicales Lausanne<\/strong> &#8211; <strong>Angelo Cavallaro<\/strong>, direction.<\/p>\n<p>Macbeth, Act 1: &#8222;Nel di della vittoria io le incontrai&#8220;<br \/>\n<strong>Ghena Dimitrova<\/strong>, soprano &#8211; <strong>Orchestre des Rencontres Musicales Lausanne<\/strong> &#8211; <strong>Francesco Bonin<\/strong>, direction.<\/p>\n","protected":false},"excerpt":{"rendered":"<p>&nbsp;<\/p>\n<p style=\"text-align: center;\"><strong>Extraits \/ Excerpts<\/strong><\/p>\n[playlist images=\"false\" ids=\"7916,7913,7911,7907,7910,7912,7908,7904,7905,7909,7903,7915,7906\"]\n","protected":false},"featured_media":19369,"comment_status":"open","ping_status":"closed","template":"","meta":{"_acf_changed":false},"product_brand":[],"product_cat":[5307,5305,5234,5316,5265,5253],"product_tag":[],"class_list":["post-6663","product","type-product","status-publish","has-post-thumbnail","vde_composers-verdi-giuseppe_de","vde_interprets-acs-janos-de","vde_interprets-alvarez-marcello-de","vde_interprets-bartolini-lando-de","vde_interprets-bonin-francesco-de","vde_interprets-budapest-philharmonic-orchestra-de","vde_interprets-cavallaro-angelo-de","vde_interprets-choeur-du-festival-dopera-avenches-de","vde_interprets-dimitrova-ghena-de","vde_interprets-ensemble-vocal-de-villars-sur-glane-de","vde_interprets-layer-friedemann-de","vde_interprets-orchestre-des-rencontres-musicales-lausanne-de","vde_interprets-orchestre-philharmonique-de-montpellier-de","vde_interprets-pollet-francoise-de","vde_interprets-saccani-rico-de","vde_interprets-sinfonietta-de-lausanne_de","vde_interprets-vento-rosa-de","product_cat-cascavelle-de","product_cat-grosses-orchester","product_cat-chore","product_cat-oper","product_cat-recital_de","product_cat-vokalensembles","first","instock","taxable","shipping-taxable","purchasable","product-type-simple"],"acf":[],"_links":{"self":[{"href":"https:\/\/vdegallo.com\/de\/wp-json\/wp\/v2\/product\/6663","targetHints":{"allow":["GET"]}}],"collection":[{"href":"https:\/\/vdegallo.com\/de\/wp-json\/wp\/v2\/product"}],"about":[{"href":"https:\/\/vdegallo.com\/de\/wp-json\/wp\/v2\/types\/product"}],"replies":[{"embeddable":true,"href":"https:\/\/vdegallo.com\/de\/wp-json\/wp\/v2\/comments?post=6663"}],"wp:featuredmedia":[{"embeddable":true,"href":"https:\/\/vdegallo.com\/de\/wp-json\/wp\/v2\/media\/19369"}],"wp:attachment":[{"href":"https:\/\/vdegallo.com\/de\/wp-json\/wp\/v2\/media?parent=6663"}],"wp:term":[{"taxonomy":"product_brand","embeddable":true,"href":"https:\/\/vdegallo.com\/de\/wp-json\/wp\/v2\/product_brand?post=6663"},{"taxonomy":"product_cat","embeddable":true,"href":"https:\/\/vdegallo.com\/de\/wp-json\/wp\/v2\/product_cat?post=6663"},{"taxonomy":"product_tag","embeddable":true,"href":"https:\/\/vdegallo.com\/de\/wp-json\/wp\/v2\/product_tag?post=6663"}],"curies":[{"name":"wp","href":"https:\/\/api.w.org\/{rel}","templated":true}]}}

VERDI : EXTRAITS D’OPÉRA – OPERA EXCERPTS

<p><strong>Giuseppe VERDI :</strong></p>
<p>Nabucco, Act 3: &#8222;Va, pensiero, sull&#8217;ali dorate&#8220;<br />
<strong>Chœur du Festival d&#8217;Opéra Avenches</strong> &#8211; <strong>The Lausanne Sinfonietta</strong> &#8211; <strong>Rico Saccani</strong>, direction.</p>
<p>La forza del destino, Act 4: &#8222;Pace, pace mio Dio&#8220;<br />
Il trovatore, Act 4: &#8222;D&#8217;amor sull&#8217;ali rosee&#8220;<br />
Don Carlo, Act 5: &#8222;Tu che le vanità&#8220;<br />
<strong>Françoise Pollet</strong>, soprano &#8211; <strong>Orchestre Philharmonique de Montpellier</strong> &#8211; <strong>Friedemann Layer</strong>, direction.</p>
<p>La traviata, Act 1: &#8222;Libiamo ne&#8217;lieti calici&#8220;<br />
La traviata, Act 1: &#8222;Un di felice, eterea&#8220;<br />
<strong>Rosa Vento</strong>, soprano &#8211; <strong>Marcello Alvarez</strong>, ténor &#8211; <strong>Chœur du Festival d&#8217;Opéra Avenches</strong> &#8211; <strong>Budapest Philharmonic Orchestra</strong> &#8211; <strong>Janos Acs</strong>, direction.</p>
<p>La traviata, Act 3: &#8222;Parigi, o cara, noi lasceremo&#8220;<br />
<strong>Chœur du Festival d&#8217;Opéra Avenches</strong> &#8211; <strong>Budapest Philharmonic Orchestra</strong> &#8211; <strong>Janos Acs</strong>, direction.</p>
<p>Aida, Act 1: &#8222;Se quel guerrier io fossi!&#8230;Celeste aida&#8220;<br />
<strong>Lando Bartolini</strong>, ténor &#8211; <strong>Orchestre des Rencontres Musicales Lausanne</strong> &#8211; <strong>Angelo Cavallaro</strong>, direction.</p>
<p>Aida, Act 1: &#8222;Ritorna vincitor&#8220;<br />
<strong>Françoise Pollet</strong>, soprano &#8211; <strong>Orchestre Philharmonique de Montpellier</strong> &#8211; <strong>Friedemann Layer</strong>, direction.</p>
<p>Aida, Act 2: Triumphal march<br />
<strong>Orchestre des Rencontres Musicales Lausanne</strong> &#8211; <strong>Angelo Cavallaro</strong>, direction.</p>
<p>Aida, Act 2: &#8222;Vieni o guerriero vindice&#8220;<br />
<strong>Ensemble Vocal de villars-sur-Glâne</strong> &#8211; <strong>Orchestre des Rencontres Musicales Lausanne</strong> &#8211; <strong>Angelo Cavallaro</strong>, direction.</p>
<p>Aida, Act 4: &#8222;Già i sacerdoti adunansi&#8220;<br />
<strong>Ghena Dimitrova</strong>, mezzo-soprano &#8211; <strong>Lando Bartolini</strong>, ténor &#8211; <strong>Orchestre des Rencontres Musicales Lausanne</strong> &#8211; <strong>Angelo Cavallaro</strong>, direction.</p>
<p>Macbeth, Act 1: &#8222;Nel di della vittoria io le incontrai&#8220;<br />
<strong>Ghena Dimitrova</strong>, soprano &#8211; <strong>Orchestre des Rencontres Musicales Lausanne</strong> &#8211; <strong>Francesco Bonin</strong>, direction.</p>
