{"id":16087,"date":"2020-01-15T07:06:52","date_gmt":"2020-01-15T06:06:52","guid":{"rendered":"https:\/\/vdegallo.com\/?post_type=product&#038;p=16087"},"modified":"2025-05-06T15:58:00","modified_gmt":"2025-05-06T13:58:00","slug":"senegal-mbilim-noon-dhier-a-aujourdhui-richart-ndione-et-le-saawal","status":"publish","type":"product","link":"https:\/\/vdegallo.com\/en\/produit\/senegal-mbilim-noon-dhier-a-aujourdhui-richart-ndione-et-le-saawal\/","title":{"rendered":"SENEGAL : MBILIM NOON : D\u2019HIER \u00c0 AUJOURD\u2019HUI \u2013 RICH\u2019ART NDIONE ET LE SAAWAL"},"content":{"rendered":"<h4>Mbilim Noon : D&#8217;hier \u00e0 aujourd&#8217;hui &#8211; Rich&#8217;Art Ndione et Le Saawal, ensemble S\u00e9r\u00e8re Noon from Thi\u00e8s, Senegal<\/h4>\n<p><strong>Traditional :<\/strong> niilaa duwaa \u2013 <strong>Traditional \/ Richard Ndione :<\/strong> se waayee \u2013 <strong>Traditional :<\/strong> Diouloulenma \u2013 <strong>Traditional \/ Richard Ndione :<\/strong> y\u00ebng\u00fa l\u00e9\u00e9n \u2013 <strong>Richard Ndione :<\/strong> niilaa ng\u00faraa &#8211; heetaa &#8211; Mariama &#8211; s\u00ebr\u00ed\u00f1 tuba &#8211; leelaye &#8211; hul &#8211; kul saafi (Arr. by Alexandre Mbaye Ndione).<\/p>\n<p><strong>Rich&#8217;Art Ndione et Le Saawal : Richard \u00ab Khadim \u00bb Ndione<\/strong> (voix, guitare) &#8211; <strong>Brigitte Ndione &amp; Ami \u00ab Djimbi \u00bb Ndione<\/strong> (ch\u0153urs) &#8211; <strong>Mame Fran\u00e7oise \u00ab Ngoye \u00bb Ndione<\/strong> (kan-ndang).<\/p>\n<p><strong>L\u2019ensemble Rakhane Mbissane : Abdoulaye Faye<\/strong> (thiole) &#8211; <strong>Amadou Faye<\/strong> (mbal) &#8211; <strong>Samba Faye<\/strong> (tal-mbat) &#8211; <strong>Cheikh Ahmadou Faye<\/strong> (tougouni) *Sauf pistes 1 &amp; 2 &#8211; <strong>Assane Faye<\/strong> (nder) *Sauf pistes 1 &amp; 2<\/p>\n<p>Avec la participation de *Pistes 7 \u00e0 11 : <strong>Anthony Gr\u00e9goire<\/strong> (guitare solo) &#8211; <strong>Serge Tine<\/strong> (claviers) &#8211; <strong>Ndiass\u00e9 Faye<\/strong> (batterie)<\/p>\n<p>&nbsp;<\/p>\n<h4>The Sereer noon : who are they?<\/h4>\n<p>The Sereer-noon are found in Senegal, located in Thi\u00e8s and in about thirty surrounding villages.<\/p>\n<p>Being indigenous to Thi\u00e8s, nicknamed \u201cThe City of the Rail\u201d (evidenced by the presence of the train on track 6), located about 70 kilometers east of the capital, Dakar, the Noons are one of the five subgroups of the Northwestern Sereer family \u2013 the Ndoute, Safene, Noon, Laalaa, Diobass \u2013 also called cangin following the discovery of the peculiarity of their languages in the 1960s by the linguist Walter J. Pichl. They also constitute the core of this group carrying the identity called Saafi, the very one that would constitute, with the Sereer of Sine-Saloum, in the south of the country, the large family of the Sereer, an ethnic group reputed to be present only in Senegal, although today\u2019s migratory phenomena are increasingly changing the situation.<\/p>\n<p>Anyhow, there are so few Noons (about ten thousand speakers or so in recent years) that their culture tends to disappear, especially facing the well-known Wolofization phenomenon.<\/p>\n<p>What characterizes the Noons, culturally, is undoubtedly their mystical powers related to geomancy, including the retention of rains, and the particular competence of some of them to practice anthropophagy \u2013 here, the dispossession of someone\u2019s soul to imprison it in a sacred tree. But there is also the intimate relationship that this community has been able to weave with the ronier palm tree (Borassus aethiopum), which remains the Noon\u2019s faithful everyday companion.<\/p>\n<p>Finally \u2013 and above all \u2013 there is the mbilim both a celebration, an event, and a musical genre. It is a practice where music and dance are above all a mode of sharing and communication.<\/p>\n<p><a href=\"https:\/\/vdegallo.com\/cd-1614-livret\/\" target=\"_blank\" rel=\"noopener noreferrer\">CD-1614-Livret.pdf<\/a><\/p>\n<p><a href=\"https:\/\/www.mbilimnoon.com\/\" target=\"_blank\" rel=\"noopener noreferrer\">https:\/\/www.mbilimnoon.com\/<\/a><\/p>\n","protected":false},"excerpt":{"rendered":"<p>&nbsp;<\/p>\n<p style=\"text-align: center;\"><strong>Extraits \/ Excerpts<\/strong><\/p>\n[playlist images=\"false\" ids=\"16077,16078,16084,16080,16085,16075,16081,16083,16086,16079,16082\"]\n","protected":false},"featured_media":28141,"comment_status":"open","ping_status":"closed","template":"","meta":{"_acf_changed":false},"product_brand":[],"product_cat":[5393,5386],"product_tag":[],"class_list":["post-16087","product","type-product","status-publish","has-post-thumbnail","vde_composers-ndione-richard_en","vde_interprets-ensemble-rakhane-mbissane_en","vde_interprets-faye-abdoulaye_en","vde_interprets-faye-amadou_en","vde_interprets-faye-assane_en","vde_interprets-faye-cheikh-ahmadou_en","vde_interprets-faye-ndiasse_en","vde_interprets-faye-samba_en","vde_interprets-gregoire-anthony_en","vde_interprets-ndione-ami_en","vde_interprets-ndione-brigitte_en","vde_interprets-ndione-mame-francoise_en","vde_interprets-ndione-richard_en","vde_interprets-richart-ndione-et-le-saawal_en","vde_interprets-tine-serge_en","product_cat-traditional-world-music","product_cat-africa","first","instock","taxable","shipping-taxable","purchasable","product-type-simple"],"acf":[],"_links":{"self":[{"href":"https:\/\/vdegallo.com\/en\/wp-json\/wp\/v2\/product\/16087","targetHints":{"allow":["GET"]}}],"collection":[{"href":"https:\/\/vdegallo.com\/en\/wp-json\/wp\/v2\/product"}],"about":[{"href":"https:\/\/vdegallo.com\/en\/wp-json\/wp\/v2\/types\/product"}],"replies":[{"embeddable":true,"href":"https:\/\/vdegallo.com\/en\/wp-json\/wp\/v2\/comments?post=16087"}],"wp:featuredmedia":[{"embeddable":true,"href":"https:\/\/vdegallo.com\/en\/wp-json\/wp\/v2\/media\/28141"}],"wp:attachment":[{"href":"https:\/\/vdegallo.com\/en\/wp-json\/wp\/v2\/media?parent=16087"}],"wp:term":[{"taxonomy":"product_brand","embeddable":true,"href":"https:\/\/vdegallo.com\/en\/wp-json\/wp\/v2\/product_brand?post=16087"},{"taxonomy":"product_cat","embeddable":true,"href":"https:\/\/vdegallo.com\/en\/wp-json\/wp\/v2\/product_cat?post=16087"},{"taxonomy":"product_tag","embeddable":true,"href":"https:\/\/vdegallo.com\/en\/wp-json\/wp\/v2\/product_tag?post=16087"}],"curies":[{"name":"wp","href":"https:\/\/api.w.org\/{rel}","templated":true}]}}

SENEGAL : MBILIM NOON : D’HIER À AUJOURD’HUI – RICH’ART NDIONE ET LE SAAWAL

<h4>Mbilim Noon : D&#8217;hier à aujourd&#8217;hui &#8211; Rich&#8217;Art Ndione et Le Saawal, ensemble Sérère Noon from Thiès, Senegal</h4>
<p><strong>Traditional :</strong> niilaa duwaa – <strong>Traditional / Richard Ndione :</strong> se waayee – <strong>Traditional :</strong> Diouloulenma – <strong>Traditional / Richard Ndione :</strong> yëngú léén – <strong>Richard Ndione :</strong> niilaa ngúraa &#8211; heetaa &#8211; Mariama &#8211; sëríñ tuba &#8211; leelaye &#8211; hul &#8211; kul saafi (Arr. by Alexandre Mbaye Ndione).</p>
<p><strong>Rich&#8217;Art Ndione et Le Saawal : Richard « Khadim » Ndione</strong> (voix, guitare) &#8211; <strong>Brigitte Ndione &amp; Ami « Djimbi » Ndione</strong> (chœurs) &#8211; <strong>Mame Françoise « Ngoye » Ndione</strong> (kan-ndang).</p>
<p><strong>L’ensemble Rakhane Mbissane : Abdoulaye Faye</strong> (thiole) &#8211; <strong>Amadou Faye</strong> (mbal) &#8211; <strong>Samba Faye</strong> (tal-mbat) &#8211; <strong>Cheikh Ahmadou Faye</strong> (tougouni) *Sauf pistes 1 &amp; 2 &#8211; <strong>Assane Faye</strong> (nder) *Sauf pistes 1 &amp; 2</p>
<p>Avec la participation de *Pistes 7 à 11 : <strong>Anthony Grégoire</strong> (guitare solo) &#8211; <strong>Serge Tine</strong> (claviers) &#8211; <strong>Ndiassé Faye</strong> (batterie)</p>
<p>&nbsp;</p>
<h4>The Sereer noon : who are they?</h4>
<p>The Sereer-noon are found in Senegal, located in Thiès and in about thirty surrounding villages.</p>
<p>Being indigenous to Thiès, nicknamed “The City of the Rail” (evidenced by the presence of the train on track 6), located about 70 kilometers east of the capital, Dakar, the Noons are one of the five subgroups of the Northwestern Sereer family – the Ndoute, Safene, Noon, Laalaa, Diobass – also called cangin following the discovery of the peculiarity of their languages in the 1960s by the linguist Walter J. Pichl. They also constitute the core of this group carrying the identity called Saafi, the very one that would constitute, with the Sereer of Sine-Saloum, in the south of the country, the large family of the Sereer, an ethnic group reputed to be present only in Senegal, although today’s migratory phenomena are increasingly changing the situation.</p>
<p>Anyhow, there are so few Noons (about ten thousand speakers or so in recent years) that their culture tends to disappear, especially facing the well-known Wolofization phenomenon.</p>
<p>What characterizes the Noons, culturally, is undoubtedly their mystical powers related to geomancy, including the retention of rains, and the particular competence of some of them to practice anthropophagy – here, the dispossession of someone’s soul to imprison it in a sacred tree. But there is also the intimate relationship that this community has been able to weave with the ronier palm tree (Borassus aethiopum), which remains the Noon’s faithful everyday companion.</p>
<p>Finally – and above all – there is the mbilim both a celebration, an event, and a musical genre. It is a practice where music and dance are above all a mode of sharing and communication.</p>
<p><a href="https://vdegallo.com/cd-1614-livret/" target="_blank" rel="noopener noreferrer">CD-1614-Livret.pdf</a></p>
<p><a href="https://www.mbilimnoon.com/" target="_blank" rel="noopener noreferrer">https://www.mbilimnoon.com/</a></p>
