{"id":31922,"date":"2021-08-18T19:24:10","date_gmt":"2021-08-18T17:24:10","guid":{"rendered":"https:\/\/vdegallo.com\/?post_type=product&#038;p=31922"},"modified":"2021-10-23T18:28:18","modified_gmt":"2021-10-23T16:28:18","slug":"brahms-11-chorale-preludes-op-122-federico-terzi","status":"publish","type":"product","link":"https:\/\/vdegallo.com\/en\/produit\/brahms-11-chorale-preludes-op-122-federico-terzi\/","title":{"rendered":"Brahms: Complete Organ Works &#8211; Frederico Terzi"},"content":{"rendered":"<p><strong>Johannes BRAHMS:<\/strong> Prelude and Fugue in G Minor, WoO 10: I. Prelude &#8211; II. Fugue &#8211; Chorale Prelude and Fugue on &#8216;O Traurigkeit, o Herzeleid&#8217;, WoO 7: I. Prelude &#8211; II. Fugue &#8211; Fugue in A-Flat Minor, WoO 8 &#8211; Prelude and Fugue in A Minor, WoO 9: I. Prelude &#8211; II. Fugue &#8211; 11 Chorale Preludes, Op. 122: I. Mein Jesu, der du mich &#8211; V. Schm\u00fccke dich, o Liebe Seele &#8211; II. Herzliebster Jesu &#8211; VI. O wie selig seid ihr doch, ihr Frommen &#8211; VII. O Gott, du frommer Gott &#8211; III. O Welt, ich muss dich lassen [1st version] &#8211; IV. Herzlich tut mich erfreuen &#8211; VIII. Es ist ein Ros&#8217; entsprungen &#8211; IX. Herzlich tut mich verlangen [1st version] &#8211; X. Herzlich tut mich verlangen [2nd version] &#8211; XI. O Welt, ich muss dich lassen [2nd version].<\/p>\n<p><strong>Federico Terzi<\/strong> <span class=\"VIiyi\" lang=\"en\"><span class=\"JLqJ4b ChMk0b\" data-language-for-alternatives=\"en\" data-language-to-translate-into=\"fr\" data-phrase-index=\"0\">at the Great Organs of the Basilica of Notre-Dame of Geneva<\/span><\/span>. <a href=\"https:\/\/www.basiliquenotredamegeneve.ch\/orgues\/\" target=\"_blank\" rel=\"noopener\">(https:\/\/www.basiliquenotredamegeneve.ch\/orgues\/)<\/a><\/p>\n<hr \/>\n<p>Titulaire d\u2019un Master d&#8217;Orgue de la Haute \u00c9cole de Musique de Gen\u00e8ve et d\u2019un Master en Philologie Moderne de l\u2019Universit\u00e9 Catholique de Milan, Federico Terzi (*1994) est organiste \u00e0 la Basilique Notre-Dame de Gen\u00e8ve.<\/p>\n<p>Lors de ses \u00e9tudes, il a eu l&#8217;opportunit\u00e9 de travailler avec, entre autres, Enrico Viccardi, Lorenzo Ghielmi, Alessio Corti, Ludger Lohmann et Vincent Th\u00e9venaz.<\/p>\n<p>Son activit\u00e9 d&#8217;organiste l&#8217;am\u00e8ne \u00e0 jouer dans des lieux et des cadres diff\u00e9rents et lui a valu des prix d\u2019interpr\u00e9tation musicale tant en Italie qu&#8217;en Suisse. Int\u00e9ress\u00e9 aux liens qu&#8217;entretiennent la musique et diff\u00e9rents aspects de la culture, il a publi\u00e9 des articles dans des revues acad\u00e9miques italiennes et am\u00e9ricaines.<\/p>\n<hr \/>\n<p>Titolare di un Master d&#8217;Organo conseguito presso la Haute \u00c9cole de Musique de Gen\u00e8ve e di una Laurea Magistrale in Filologia Moderna (Universit\u00e0 Cattolica di Milano), Federico Terzi (*1994) \u00e8 organista presso la Basilique Notre-Dame de Gen\u00e8ve.<\/p>\n<p>Durante i suoi studi, ha avuto l&#8217;opportunit\u00e0 di formarsi, tra gli altri, con Enrico Viccardi, Lorenzo Ghielmi, Alessio Corti, Ludger Lohmann e Vincent Th\u00e9venaz.<\/p>\n<p>La sua attivit\u00e0 d\u2019organista lo porta a suonare in contesti differenti e gli \u00e8 valsa alcuni premi d\u2019interpretazione musicale sia in Italia che in Svizzera. Interessato ai legami della musica con vari aspetti della cultura, svolge attivit\u00e0 di ricerca e suoi lavori sono stati pubblicati in note riviste accademiche italiane e americane.<\/p>\n<hr \/>\n<p><a href=\"https:\/\/vdegallo.com\/wp-content\/uploads\/2021\/08\/CD-1652-Booklet-1.pdf\" target=\"_blank\" rel=\"noopener\">CD-1652 Booklet.pdf<\/a><\/p>\n<hr \/>\n<h4><span class=\"VIiyi\" lang=\"en\"><span class=\"JLqJ4b ChMk0b\" data-language-for-alternatives=\"en\" data-language-to-translate-into=\"fr\" data-phrase-index=\"0\">The CD is distributed exclusively by Federico Terzi <\/span><\/span><b>(<a href=\"mailto:brahms.terzi@gmail.com\" target=\"_blank\" rel=\"noopener\">brahms.terzi@gmail.com<\/a>)<\/b><\/h4>\n","protected":false},"excerpt":{"rendered":"<p>&nbsp;<\/p>\n<p style=\"text-align: center;\"><strong>Extraits \/ Excerpts<\/strong><\/p>\n[playlist images=\"false\" ids=\"31865,31919,31916,31913,31910,31907,31904,31901,31898,31895,31892,31889,31886,31883,31880,31877,31874,31871\"]\n","protected":false},"featured_media":31992,"comment_status":"open","ping_status":"closed","template":"","meta":{"_acf_changed":false},"product_brand":[],"product_cat":[5357],"product_tag":[],"class_list":["post-31922","product","type-product","status-publish","has-post-thumbnail","vde_composers-brahms-johannes_en","vde_interprets-terzi-federico-en","product_cat-organ-solo","first","instock","taxable","shipping-taxable","product-type-simple"],"acf":[],"_links":{"self":[{"href":"https:\/\/vdegallo.com\/en\/wp-json\/wp\/v2\/product\/31922","targetHints":{"allow":["GET"]}}],"collection":[{"href":"https:\/\/vdegallo.com\/en\/wp-json\/wp\/v2\/product"}],"about":[{"href":"https:\/\/vdegallo.com\/en\/wp-json\/wp\/v2\/types\/product"}],"replies":[{"embeddable":true,"href":"https:\/\/vdegallo.com\/en\/wp-json\/wp\/v2\/comments?post=31922"}],"wp:featuredmedia":[{"embeddable":true,"href":"https:\/\/vdegallo.com\/en\/wp-json\/wp\/v2\/media\/31992"}],"wp:attachment":[{"href":"https:\/\/vdegallo.com\/en\/wp-json\/wp\/v2\/media?parent=31922"}],"wp:term":[{"taxonomy":"product_brand","embeddable":true,"href":"https:\/\/vdegallo.com\/en\/wp-json\/wp\/v2\/product_brand?post=31922"},{"taxonomy":"product_cat","embeddable":true,"href":"https:\/\/vdegallo.com\/en\/wp-json\/wp\/v2\/product_cat?post=31922"},{"taxonomy":"product_tag","embeddable":true,"href":"https:\/\/vdegallo.com\/en\/wp-json\/wp\/v2\/product_tag?post=31922"}],"curies":[{"name":"wp","href":"https:\/\/api.w.org\/{rel}","templated":true}]}}

<p><strong>Johannes BRAHMS:</strong> Prelude and Fugue in G Minor, WoO 10: I. Prelude &#8211; II. Fugue &#8211; Chorale Prelude and Fugue on &#8216;O Traurigkeit, o Herzeleid&#8217;, WoO 7: I. Prelude &#8211; II. Fugue &#8211; Fugue in A-Flat Minor, WoO 8 &#8211; Prelude and Fugue in A Minor, WoO 9: I. Prelude &#8211; II. Fugue &#8211; 11 Chorale Preludes, Op. 122: I. Mein Jesu, der du mich &#8211; V. Schmücke dich, o Liebe Seele &#8211; II. Herzliebster Jesu &#8211; VI. O wie selig seid ihr doch, ihr Frommen &#8211; VII. O Gott, du frommer Gott &#8211; III. O Welt, ich muss dich lassen [1st version] &#8211; IV. Herzlich tut mich erfreuen &#8211; VIII. Es ist ein Ros&#8217; entsprungen &#8211; IX. Herzlich tut mich verlangen [1st version] &#8211; X. Herzlich tut mich verlangen [2nd version] &#8211; XI. O Welt, ich muss dich lassen [2nd version].</p>
<p><strong>Federico Terzi</strong> <span class="VIiyi" lang="en"><span class="JLqJ4b ChMk0b" data-language-for-alternatives="en" data-language-to-translate-into="fr" data-phrase-index="0">at the Great Organs of the Basilica of Notre-Dame of Geneva</span></span>. <a href="https://www.basiliquenotredamegeneve.ch/orgues/" target="_blank" rel="noopener">(https://www.basiliquenotredamegeneve.ch/orgues/)</a></p>
<hr />
<p>Titulaire d’un Master d&#8217;Orgue de la Haute École de Musique de Genève et d’un Master en Philologie Moderne de l’Université Catholique de Milan, Federico Terzi (*1994) est organiste à la Basilique Notre-Dame de Genève.</p>
<p>Lors de ses études, il a eu l&#8217;opportunité de travailler avec, entre autres, Enrico Viccardi, Lorenzo Ghielmi, Alessio Corti, Ludger Lohmann et Vincent Thévenaz.</p>
<p>Son activité d&#8217;organiste l&#8217;amène à jouer dans des lieux et des cadres différents et lui a valu des prix d’interprétation musicale tant en Italie qu&#8217;en Suisse. Intéressé aux liens qu&#8217;entretiennent la musique et différents aspects de la culture, il a publié des articles dans des revues académiques italiennes et américaines.</p>
<hr />
<p>Titolare di un Master d&#8217;Organo conseguito presso la Haute École de Musique de Genève e di una Laurea Magistrale in Filologia Moderna (Università Cattolica di Milano), Federico Terzi (*1994) è organista presso la Basilique Notre-Dame de Genève.</p>
<p>Durante i suoi studi, ha avuto l&#8217;opportunità di formarsi, tra gli altri, con Enrico Viccardi, Lorenzo Ghielmi, Alessio Corti, Ludger Lohmann e Vincent Thévenaz.</p>
<p>La sua attività d’organista lo porta a suonare in contesti differenti e gli è valsa alcuni premi d’interpretazione musicale sia in Italia che in Svizzera. Interessato ai legami della musica con vari aspetti della cultura, svolge attività di ricerca e suoi lavori sono stati pubblicati in note riviste accademiche italiane e americane.</p>
<hr />
<p><a href="https://vdegallo.com/wp-content/uploads/2021/08/CD-1652-Booklet-1.pdf" target="_blank" rel="noopener">CD-1652 Booklet.pdf</a></p>
<hr />
<h4><span class="VIiyi" lang="en"><span class="JLqJ4b ChMk0b" data-language-for-alternatives="en" data-language-to-translate-into="fr" data-phrase-index="0">The CD is distributed exclusively by Federico Terzi </span></span><b>(<a href="mailto:brahms.terzi@gmail.com" target="_blank" rel="noopener">brahms.terzi@gmail.com</a>)</b></h4>
