{"id":37646,"date":"2016-10-25T06:32:53","date_gmt":"2023-04-27T20:15:59","guid":{"rendered":"https:\/\/vdegallo.com\/?post_type=product&#038;p=37646"},"modified":"2025-05-06T16:04:14","modified_gmt":"2025-05-06T14:04:14","slug":"mozart-haydn-airs-sacres-sacred-arias-live-annick-massis-choeurs-orchestre-colonne-daniel-inbal","status":"publish","type":"product","link":"https:\/\/vdegallo.com\/en\/produit\/mozart-haydn-airs-sacres-sacred-arias-live-annick-massis-choeurs-orchestre-colonne-daniel-inbal\/","title":{"rendered":"Mozart &#8211; Haydn: Airs Sacr\u00e9s &#8211; Sacred Arias (Live) &#8211; Annick Massis &#8211; Ch\u0153urs &#038; Orchestre Colonne, Daniel Inbal"},"content":{"rendered":"<p><strong>Wolfgang Amadeus MOZART:<\/strong> Vesperae solennes de confessore, K. 339: V. Laudate Dominum &#8211; Exsultate, jubilate, K. 165: I. Exsultate, jubilate &#8211; Exsultate, jubilate, K. 165: II. Fulget amica dies &#8211; Exsultate, jubilate, K. 165: III. Tu virginum corona &#8211; Exsultate, jubilate, K. 165: IV. Alleluia &#8211; Mass in C Major, K. 317 &#8220;Coronation&#8221;: VI. Agnus Dei &#8211; Mass in C Minor, K. 427 &#8220;Great Mass&#8221;: III. Credo. Et incarnatus est &#8211; Litaniae de venerabili altaris sacramento, K. 243: VI. Dulcissimum conivium &#8211; Franz Joseph HAYDN: Il ritorno di Tobia, Hob. XXI:1: Pt. 2. No. 10b Come se a voi parlasse &#8211; Die Jahreszeiten, Hob. XXI:3: Pt. 2 &#8220;Der Sommer&#8221;. Willkommen jetzt, o dunkler Hain &#8211; Die Jahreszeiten, Hob. XXI:3: Pt. 2 &#8220;Der Sommer&#8221;. Welche Labung f\u00fcr die Sinne &#8211; Die Jahreszeiten, Hob. XXI:3: Pt. 4 &#8220;Der Winter&#8221;. Licht und Leben sind geschw\u00e4chet &#8211; Die Sch\u00f6pfung, Hob. XXI:2: Pt. 1. No. 7 Und Gott spach. Es bringe die Erde Gras hervor &#8211; Die Sch\u00f6pfung, Hob. XXI:2: Pt 1. No. 8 Nun beut die Flur das frische Gr\u00fcn &#8211; Die Sch\u00f6pfung, Hob. XXI:2: Pt. 2. No. 14 Und Gott sprach. Es bringe das Wasser in der F\u00fclle hervor &#8211; Die Sch\u00f6pfung, Hob. XXI:2: Pt 2. No. 15 Auf starkem Fittiche schwinget sich der Adler stolz &#8211; Stabat Mater, Hob. XXbis: III. Quis est homo qui non fleret.<\/p>\n<p><strong>Annick Massis<\/strong>, Soprano &#8211; <strong>Ch\u0153urs &amp; Orchestre Colonne, Daniel Inbal<\/strong>, Conductor.<\/p>\n<p><a href=\"https:\/\/www.annickmassis.com\" target=\"_blank\" rel=\"noopener\">https:\/\/www.annickmassis.com<\/a><\/p>\n<hr \/>\n<p><strong>Annick Massis<\/strong>, Soprano<\/p>\n<p>After having studied music in Paris, Annick Massis appeared for the first time on stage at the Capitole in Toulouse in 1991. She attracted a lot of attention in the title role of La Finta Giardinera, so she decided to give preference to Mozart &#8211; the Mass in C, the Exultate Jubilate, the Requiem, Die Entf\u00fchrung aus dem Serail, and Le Nozze di Figaro for her debut at the Opera of Paris Bastille. At the same time, Annick Massis decided to improve her knowledge of the French repertoire and has been a great success in some of the most outstanding roles: Leila in the Pearl Fishers by Bizet, Philine in Mignon by Ambroise Thomas&#8230; She has also attracted a lot of attention with her interpretation of many of the great roles in the bel canto repertoire and has taken part in many concerts with orchestras such as the Ensemble Orchestral of Paris, the National Orchestra of the Capitole of Toulouse, the National Orchestra of France, and the Ensemble Intercontemporain&#8230; She has also appeared in recitals at the Chatelet, at La Scala in Milan, and at the Villa Medici in Rome, and taken part in several recordings<\/p>\n<p><strong>Daniel Inbal<\/strong>, Conductor<\/p>\n<p>After training at the Frankfurt Conservatoire, Daniel Inbal studied piano in Hanover with David Wilde. In 1993, he was accepted into Leopold Hager&#8217;s conducting class in Vienna and attended several master-classes, including Gianluigi Gelmetti&#8217;s course in Di\u00e9na, where he received the diploma of merit in 2001. Since 1996, he has conducted many concerts with the Austrian Women&#8217;s Chamber Orchestra, with which he has regularly interpreted and created contemporary works. Daniel Inbal has regularly worked as the assistant conductor of the RAI National Orchestra in Turin, where he was engaged, amongst other things, for the production of Wagner&#8217;s &#8220;The Ring.&#8221; In 1999, as Th\u00e9odor Guschlbauer&#8217;s assistant at the National Opera of the Rhine, he was entrusted with the production of &#8220;Ariane auf Naxos,&#8221; which he conducted very successfully. Since then, he has conducted other orchestras such as the Sofia Festival Orchestra, The Philharmonic of Moravia, the Rheinland-Pfalz Staatsphilharmonic, and the Staatsorchester Braunschweig. In 2001, he recorded Martinu&#8217;s Third Symphony and the Suite of dances by Bartok with the Cologne Symphony Orchestra. In 2002, during a tour of Asia, he directed Bruckner&#8217;s Fifth Symphony and Sibelius&#8217; Seventh Symphony with the Young Musicians of the World Orchestra. In 2004, Daniel Inbal will make his debut in Berlin with the Deutsches Symphonieorchester Berlin.<\/p>\n","protected":false},"excerpt":{"rendered":"<p>&nbsp;<\/p>\n<p style=\"text-align: center;\"><strong>Extraits \/ Excerpts<\/strong><\/p>\n[playlist images=\"false\" ids=\"37643,37640,37637,37634,37631,37628,37625,37622,37619,37616,37613,37610,37607,37604,37601,37598,37592\"]\n","protected":false},"featured_media":37590,"comment_status":"open","ping_status":"closed","template":"","meta":{"_acf_changed":false},"product_brand":[],"product_cat":[5406,5336,5353],"product_tag":[],"class_list":["post-37646","product","type-product","status-publish","has-post-thumbnail","vde_composers-haydn-joseph_en","vde_composers-mozart-wolfgang-amadeus_en","vde_interprets-inbal-daniel-en","vde_interprets-massis-annick-en","vde_interprets-orchestre-colonne-en","product_cat-cascavelle","product_cat-orchestral-music","product_cat-recital_en","first","instock","taxable","shipping-taxable","purchasable","product-type-simple"],"acf":[],"_links":{"self":[{"href":"https:\/\/vdegallo.com\/en\/wp-json\/wp\/v2\/product\/37646","targetHints":{"allow":["GET"]}}],"collection":[{"href":"https:\/\/vdegallo.com\/en\/wp-json\/wp\/v2\/product"}],"about":[{"href":"https:\/\/vdegallo.com\/en\/wp-json\/wp\/v2\/types\/product"}],"replies":[{"embeddable":true,"href":"https:\/\/vdegallo.com\/en\/wp-json\/wp\/v2\/comments?post=37646"}],"wp:featuredmedia":[{"embeddable":true,"href":"https:\/\/vdegallo.com\/en\/wp-json\/wp\/v2\/media\/37590"}],"wp:attachment":[{"href":"https:\/\/vdegallo.com\/en\/wp-json\/wp\/v2\/media?parent=37646"}],"wp:term":[{"taxonomy":"product_brand","embeddable":true,"href":"https:\/\/vdegallo.com\/en\/wp-json\/wp\/v2\/product_brand?post=37646"},{"taxonomy":"product_cat","embeddable":true,"href":"https:\/\/vdegallo.com\/en\/wp-json\/wp\/v2\/product_cat?post=37646"},{"taxonomy":"product_tag","embeddable":true,"href":"https:\/\/vdegallo.com\/en\/wp-json\/wp\/v2\/product_tag?post=37646"}],"curies":[{"name":"wp","href":"https:\/\/api.w.org\/{rel}","templated":true}]}}

Mozart &#8211; Haydn: Airs Sacrés &#8211; Sacred Arias (Live) &#8211; Annick Massis &#8211; Chœurs &#038; Orchestre Colonne, Daniel Inbal

<p><strong>Wolfgang Amadeus MOZART:</strong> Vesperae solennes de confessore, K. 339: V. Laudate Dominum &#8211; Exsultate, jubilate, K. 165: I. Exsultate, jubilate &#8211; Exsultate, jubilate, K. 165: II. Fulget amica dies &#8211; Exsultate, jubilate, K. 165: III. Tu virginum corona &#8211; Exsultate, jubilate, K. 165: IV. Alleluia &#8211; Mass in C Major, K. 317 &#8220;Coronation&#8221;: VI. Agnus Dei &#8211; Mass in C Minor, K. 427 &#8220;Great Mass&#8221;: III. Credo. Et incarnatus est &#8211; Litaniae de venerabili altaris sacramento, K. 243: VI. Dulcissimum conivium &#8211; Franz Joseph HAYDN: Il ritorno di Tobia, Hob. XXI:1: Pt. 2. No. 10b Come se a voi parlasse &#8211; Die Jahreszeiten, Hob. XXI:3: Pt. 2 &#8220;Der Sommer&#8221;. Willkommen jetzt, o dunkler Hain &#8211; Die Jahreszeiten, Hob. XXI:3: Pt. 2 &#8220;Der Sommer&#8221;. Welche Labung für die Sinne &#8211; Die Jahreszeiten, Hob. XXI:3: Pt. 4 &#8220;Der Winter&#8221;. Licht und Leben sind geschwächet &#8211; Die Schöpfung, Hob. XXI:2: Pt. 1. No. 7 Und Gott spach. Es bringe die Erde Gras hervor &#8211; Die Schöpfung, Hob. XXI:2: Pt 1. No. 8 Nun beut die Flur das frische Grün &#8211; Die Schöpfung, Hob. XXI:2: Pt. 2. No. 14 Und Gott sprach. Es bringe das Wasser in der Fülle hervor &#8211; Die Schöpfung, Hob. XXI:2: Pt 2. No. 15 Auf starkem Fittiche schwinget sich der Adler stolz &#8211; Stabat Mater, Hob. XXbis: III. Quis est homo qui non fleret.</p>
<p><strong>Annick Massis</strong>, Soprano &#8211; <strong>Chœurs &amp; Orchestre Colonne, Daniel Inbal</strong>, Conductor.</p>
<p><a href="https://www.annickmassis.com" target="_blank" rel="noopener">https://www.annickmassis.com</a></p>
<hr />
<p><strong>Annick Massis</strong>, Soprano</p>
<p>After having studied music in Paris, Annick Massis appeared for the first time on stage at the Capitole in Toulouse in 1991. She attracted a lot of attention in the title role of La Finta Giardinera, so she decided to give preference to Mozart &#8211; the Mass in C, the Exultate Jubilate, the Requiem, Die Entführung aus dem Serail, and Le Nozze di Figaro for her debut at the Opera of Paris Bastille. At the same time, Annick Massis decided to improve her knowledge of the French repertoire and has been a great success in some of the most outstanding roles: Leila in the Pearl Fishers by Bizet, Philine in Mignon by Ambroise Thomas&#8230; She has also attracted a lot of attention with her interpretation of many of the great roles in the bel canto repertoire and has taken part in many concerts with orchestras such as the Ensemble Orchestral of Paris, the National Orchestra of the Capitole of Toulouse, the National Orchestra of France, and the Ensemble Intercontemporain&#8230; She has also appeared in recitals at the Chatelet, at La Scala in Milan, and at the Villa Medici in Rome, and taken part in several recordings</p>
<p><strong>Daniel Inbal</strong>, Conductor</p>
<p>After training at the Frankfurt Conservatoire, Daniel Inbal studied piano in Hanover with David Wilde. In 1993, he was accepted into Leopold Hager&#8217;s conducting class in Vienna and attended several master-classes, including Gianluigi Gelmetti&#8217;s course in Diéna, where he received the diploma of merit in 2001. Since 1996, he has conducted many concerts with the Austrian Women&#8217;s Chamber Orchestra, with which he has regularly interpreted and created contemporary works. Daniel Inbal has regularly worked as the assistant conductor of the RAI National Orchestra in Turin, where he was engaged, amongst other things, for the production of Wagner&#8217;s &#8220;The Ring.&#8221; In 1999, as Théodor Guschlbauer&#8217;s assistant at the National Opera of the Rhine, he was entrusted with the production of &#8220;Ariane auf Naxos,&#8221; which he conducted very successfully. Since then, he has conducted other orchestras such as the Sofia Festival Orchestra, The Philharmonic of Moravia, the Rheinland-Pfalz Staatsphilharmonic, and the Staatsorchester Braunschweig. In 2001, he recorded Martinu&#8217;s Third Symphony and the Suite of dances by Bartok with the Cologne Symphony Orchestra. In 2002, during a tour of Asia, he directed Bruckner&#8217;s Fifth Symphony and Sibelius&#8217; Seventh Symphony with the Young Musicians of the World Orchestra. In 2004, Daniel Inbal will make his debut in Berlin with the Deutsches Symphonieorchester Berlin.</p>
