{"id":34168,"date":"2022-07-02T17:47:32","date_gmt":"2022-07-02T15:47:32","guid":{"rendered":"https:\/\/vdegallo.com\/fr\/?post_type=product&#038;p=34168"},"modified":"2025-07-17T18:58:06","modified_gmt":"2025-07-17T16:58:06","slug":"debussy-ravel-faure-exotisme-sonorites-pittoresques-ludmilla-guilmault-jean-noel-dubois","status":"publish","type":"product","link":"https:\/\/vdegallo.com\/fr\/produit\/debussy-ravel-faure-exotisme-sonorites-pittoresques-ludmilla-guilmault-jean-noel-dubois\/","title":{"rendered":"Debussy &#8211; Ravel &#8211; Faur\u00e9: Exotisme, sonorit\u00e9s pittoresques &#8211; Ludmilla Guilmault &#8211; Jean-No\u00ebl Dubois"},"content":{"rendered":"<p><strong>Claude DEBUSSY:<\/strong> Pr\u00e9ludes, Book 1, L. 117: II. Voiles &#8211; <strong>D\u00e9odat de S\u00c9VERAC:<\/strong> En Vacances, Vol. 1: VI. O\u00f9 l&rsquo;on entend une vieille bo\u00eete \u00e0 musique &#8211; En Vacances, Vol. 1: VII. Valse romantique &#8211; <strong>Maurice RAVEL:<\/strong> Valses nobles et sentimentales, M. 61: II. Assez lent, avec une expression intense &#8211; Valses nobles et sentimentales, M. 61: VI. Vif &#8211; <strong>Claude DEBUSSY:<\/strong> Pr\u00e9ludes, Book 1, L. 117: IV. Les sons et les parfums tournent dans l&rsquo;air du soir &#8211; <strong>Gabriel FAUR\u00c9:<\/strong> Dolly, Op. 56: VI. Le pas espagnol &#8211; <strong>Camille SAINT-SA\u00cbNS:<\/strong> Le Carnaval des Animaux, R. 125: III. H\u00e9miones &#8211; Le Carnaval des Animaux, R. 125: VII. Aquarium &#8211; <strong>Claude DEBUSSY:<\/strong> Pr\u00e9ludes, Book 1, L. 117: IX. La S\u00e9r\u00e9nade interrompue &#8211; Suite Bergamesque, L. 75: III. Clair de lune &#8211; <strong>Maurice RAVEL:<\/strong> Miroirs, M. 43: II. Oiseaux tristes &#8211; <strong>Claude DEBUSSY:<\/strong> Petite Suite, L. 65: I. En Bateau &#8211; Petite Suite, L. 65: IV. Ballet &#8211; <strong>Maurice RAVEL:<\/strong> Ma M\u00e8re l&rsquo;Oye, M. 60: III. Laideronette, Imp\u00e9ratrice des Pagodes &#8211; Ma M\u00e8re l&rsquo;Oye, M. 60: IV. Les entretiens de la Belle et la B\u00eate &#8211; <strong>Manuel de FALLA:<\/strong> La Vida Breve, G. 35: Spanish Dance No. 1 &#8211; <strong>Claude DEBUSSY:<\/strong> Pr\u00e9ludes, Book 2, L. 123: XII. Feux d&rsquo;artifice &#8211; <strong>Manuel de FALLA:<\/strong> El Amor Brujo: VIII. Danza Ritual del Fuego &#8211; <strong>Wolfgang Amadeus MOZART:<\/strong> Piano Sonata No. 11 in A Major, K. 331: III. Alla Turca (Allegretto).<\/p>\n<p><strong>Ludmilla Guilmault<\/strong> &amp; <strong>Jean-No\u00ebl Dubois<\/strong>, piano \u00e0 quatre mains, deux pianos et piano solo.<\/p>\n<p><a href=\"https:\/\/www.ludmilla-guilmault.com\" target=\"_blank\" rel=\"noopener noreferrer\">https:\/\/www.ludmilla-guilmault.com<\/a><\/p>\n<hr \/>\n<p>\u00ab Exotisme \u00bb, sonorit\u00e9s pittoresques s\u2019affirme au travers de la fringale de couleur locale pittoresque du romantisme. Cet album est un voyage dans un pays lointain.<br \/>\nL\u2019Espagne avec Manuel de Falla et sa Danse Rituelle du Feu en raison de l\u2019imbrication de son pass\u00e9 musical avec la musique asiatique ou arabe.<br \/>\nExotisme, emprunt par la musique occidentale avec des tournures \u00e9trang\u00e8res, gammes, instruments, danses et folklores.<\/p>\n<p>Dans le choix de ce r\u00e9pertoire que j\u2019ai s\u00e9lectionn\u00e9, Debussy, Ravel, Faur\u00e9, Saint-Sa\u00ebns, S\u00e9verac, De Falla, Mozart sont des compositeurs qui nous font voyager par les couleurs locales de leurs nouveaux timbres pianistiques avec notamment ce pr\u00e9lude, les Sons et les Parfums de Debussy, des accords qui habillent des harmonies voluptueuses au rythme impressionniste.<\/p>\n<p>L\u2019odeur hispanisante.<br \/>\nExotisme exprime pour moi une harmonie du soir, propice \u00e0 l\u2019\u00e9vocation d\u2019un lointain pass\u00e9. Exotisme, des images qui semblent solliciter l\u2019ou\u00efe, la vue, le toucher, l\u2019odorat, \u00e9tablissant en musique ces correspondances t\u00e9nues que Baudelaire, le premier, devina en po\u00e9sie.<br \/>\nDes sensations de couleurs d\u2019exotisme.<\/p>\n<p>Des odeurs d\u2019\u0153illet et d\u2019aguardiente, une atmosph\u00e8re de castagnettes avec la S\u00e9r\u00e9nade interrompue de Claude Debussy.<\/p>\n<p>Ces pi\u00e8ces orientales de Ravel, Laideronnette, imp\u00e9ratrice des pagodes pour piano \u00e0 4 mains nous \u00e9voquent ces pays lointains, ce d\u00e9paysement par le recours au patrimoine musical de chaque compositeur.<br \/>\nFalla tient \u00e0 faire son miel des fleurs du folklore. Falla, c\u2019est l\u2019Andalousie et son flamenco, des voluptueux jardins andalous, des Nuits \u00e0 l\u2019\u00e2pre.<\/p>\n<p>S\u00e9verac poss\u00e8de une sonorit\u00e9 charnue, couleur en taches plus vives, en p\u00e2te plus \u00e9paisse, ce go\u00fbt des \u00e9chelles modales. Il nous conte les paysages travers\u00e9s, inspiration de sa ch\u00e8re M\u00e9diterran\u00e9e.<\/p>\n<p>On se contenterait d\u2019\u00e9couter cet Album \u00e0 travers le vent et la mer et l\u2019on fl\u00e2nerait d\u00e9licieusement dans les rues en sirotant un jus de grenade pour r\u00eaver \u00e0 quelque chose de magnifique, cet Exotisme et ces sonorit\u00e9s pittoresques sont \u00e0 savourer sans mod\u00e9ration.<\/p>\n<p>\u00ab Impressionnisme du vent qui passe \u00bb<\/p>\n<p style=\"text-align: right;\"><strong>Ludmilla Guilmault<\/strong><\/p>\n<hr \/>\n<p><a href=\"https:\/\/vdegallo.com\/wp-content\/uploads\/2022\/07\/CD-1661-Booklet.pdf\" target=\"_blank\" rel=\"noopener\">CD-1661 Booklet.pdf<\/a><\/p>\n","protected":false},"excerpt":{"rendered":"<p style=\"text-align: center;\"><strong>Extraits \/ Excerpts<\/strong><\/p>\n[playlist images=\"false\" ids=\"34232,34229,34226,34223,34220,34217,34214,34211,34208,34205,34172,34202,34199,34196,34193,34190,34187,34184,34181,34178\"]\n","protected":false},"featured_media":34169,"comment_status":"open","ping_status":"closed","template":"","meta":{"_acf_changed":false},"product_brand":[],"product_cat":[5178],"product_tag":[],"class_list":["post-34168","product","type-product","status-publish","has-post-thumbnail","vde_composers-de-falla-manuel","vde_composers-de-severac-deodat","vde_composers-debussy-claude","vde_composers-faure-gabriel","vde_composers-mozart-wolfgang-amadeus","vde_composers-ravel-maurice","vde_composers-saint-saens-camille","vde_interprets-dubois-jean-noel","vde_interprets-guilmault-ludmilla","product_cat-piano-seul","first","instock","taxable","shipping-taxable","purchasable","product-type-simple"],"acf":[],"_links":{"self":[{"href":"https:\/\/vdegallo.com\/fr\/wp-json\/wp\/v2\/product\/34168","targetHints":{"allow":["GET"]}}],"collection":[{"href":"https:\/\/vdegallo.com\/fr\/wp-json\/wp\/v2\/product"}],"about":[{"href":"https:\/\/vdegallo.com\/fr\/wp-json\/wp\/v2\/types\/product"}],"replies":[{"embeddable":true,"href":"https:\/\/vdegallo.com\/fr\/wp-json\/wp\/v2\/comments?post=34168"}],"wp:featuredmedia":[{"embeddable":true,"href":"https:\/\/vdegallo.com\/fr\/wp-json\/wp\/v2\/media\/34169"}],"wp:attachment":[{"href":"https:\/\/vdegallo.com\/fr\/wp-json\/wp\/v2\/media?parent=34168"}],"wp:term":[{"taxonomy":"product_brand","embeddable":true,"href":"https:\/\/vdegallo.com\/fr\/wp-json\/wp\/v2\/product_brand?post=34168"},{"taxonomy":"product_cat","embeddable":true,"href":"https:\/\/vdegallo.com\/fr\/wp-json\/wp\/v2\/product_cat?post=34168"},{"taxonomy":"product_tag","embeddable":true,"href":"https:\/\/vdegallo.com\/fr\/wp-json\/wp\/v2\/product_tag?post=34168"}],"curies":[{"name":"wp","href":"https:\/\/api.w.org\/{rel}","templated":true}]}}

Debussy &#8211; Ravel &#8211; Fauré: Exotisme, sonorités pittoresques &#8211; Ludmilla Guilmault &#8211; Jean-Noël Dubois

<p><strong>Claude DEBUSSY:</strong> Préludes, Book 1, L. 117: II. Voiles &#8211; <strong>Déodat de SÉVERAC:</strong> En Vacances, Vol. 1: VI. Où l&rsquo;on entend une vieille boîte à musique &#8211; En Vacances, Vol. 1: VII. Valse romantique &#8211; <strong>Maurice RAVEL:</strong> Valses nobles et sentimentales, M. 61: II. Assez lent, avec une expression intense &#8211; Valses nobles et sentimentales, M. 61: VI. Vif &#8211; <strong>Claude DEBUSSY:</strong> Préludes, Book 1, L. 117: IV. Les sons et les parfums tournent dans l&rsquo;air du soir &#8211; <strong>Gabriel FAURÉ:</strong> Dolly, Op. 56: VI. Le pas espagnol &#8211; <strong>Camille SAINT-SAËNS:</strong> Le Carnaval des Animaux, R. 125: III. Hémiones &#8211; Le Carnaval des Animaux, R. 125: VII. Aquarium &#8211; <strong>Claude DEBUSSY:</strong> Préludes, Book 1, L. 117: IX. La Sérénade interrompue &#8211; Suite Bergamesque, L. 75: III. Clair de lune &#8211; <strong>Maurice RAVEL:</strong> Miroirs, M. 43: II. Oiseaux tristes &#8211; <strong>Claude DEBUSSY:</strong> Petite Suite, L. 65: I. En Bateau &#8211; Petite Suite, L. 65: IV. Ballet &#8211; <strong>Maurice RAVEL:</strong> Ma Mère l&rsquo;Oye, M. 60: III. Laideronette, Impératrice des Pagodes &#8211; Ma Mère l&rsquo;Oye, M. 60: IV. Les entretiens de la Belle et la Bête &#8211; <strong>Manuel de FALLA:</strong> La Vida Breve, G. 35: Spanish Dance No. 1 &#8211; <strong>Claude DEBUSSY:</strong> Préludes, Book 2, L. 123: XII. Feux d&rsquo;artifice &#8211; <strong>Manuel de FALLA:</strong> El Amor Brujo: VIII. Danza Ritual del Fuego &#8211; <strong>Wolfgang Amadeus MOZART:</strong> Piano Sonata No. 11 in A Major, K. 331: III. Alla Turca (Allegretto).</p>
<p><strong>Ludmilla Guilmault</strong> &amp; <strong>Jean-Noël Dubois</strong>, piano à quatre mains, deux pianos et piano solo.</p>
<p><a href="https://www.ludmilla-guilmault.com" target="_blank" rel="noopener noreferrer">https://www.ludmilla-guilmault.com</a></p>
<hr />
<p>« Exotisme », sonorités pittoresques s’affirme au travers de la fringale de couleur locale pittoresque du romantisme. Cet album est un voyage dans un pays lointain.<br />
L’Espagne avec Manuel de Falla et sa Danse Rituelle du Feu en raison de l’imbrication de son passé musical avec la musique asiatique ou arabe.<br />
Exotisme, emprunt par la musique occidentale avec des tournures étrangères, gammes, instruments, danses et folklores.</p>
<p>Dans le choix de ce répertoire que j’ai sélectionné, Debussy, Ravel, Fauré, Saint-Saëns, Séverac, De Falla, Mozart sont des compositeurs qui nous font voyager par les couleurs locales de leurs nouveaux timbres pianistiques avec notamment ce prélude, les Sons et les Parfums de Debussy, des accords qui habillent des harmonies voluptueuses au rythme impressionniste.</p>
<p>L’odeur hispanisante.<br />
Exotisme exprime pour moi une harmonie du soir, propice à l’évocation d’un lointain passé. Exotisme, des images qui semblent solliciter l’ouïe, la vue, le toucher, l’odorat, établissant en musique ces correspondances ténues que Baudelaire, le premier, devina en poésie.<br />
Des sensations de couleurs d’exotisme.</p>
<p>Des odeurs d’œillet et d’aguardiente, une atmosphère de castagnettes avec la Sérénade interrompue de Claude Debussy.</p>
<p>Ces pièces orientales de Ravel, Laideronnette, impératrice des pagodes pour piano à 4 mains nous évoquent ces pays lointains, ce dépaysement par le recours au patrimoine musical de chaque compositeur.<br />
Falla tient à faire son miel des fleurs du folklore. Falla, c’est l’Andalousie et son flamenco, des voluptueux jardins andalous, des Nuits à l’âpre.</p>
<p>Séverac possède une sonorité charnue, couleur en taches plus vives, en pâte plus épaisse, ce goût des échelles modales. Il nous conte les paysages traversés, inspiration de sa chère Méditerranée.</p>
<p>On se contenterait d’écouter cet Album à travers le vent et la mer et l’on flânerait délicieusement dans les rues en sirotant un jus de grenade pour rêver à quelque chose de magnifique, cet Exotisme et ces sonorités pittoresques sont à savourer sans modération.</p>
<p>« Impressionnisme du vent qui passe »</p>
<p style="text-align: right;"><strong>Ludmilla Guilmault</strong></p>
<hr />
<p><a href="https://vdegallo.com/wp-content/uploads/2022/07/CD-1661-Booklet.pdf" target="_blank" rel="noopener">CD-1661 Booklet.pdf</a></p>
