{"id":4379,"date":"2016-12-18T21:55:09","date_gmt":"2016-12-18T20:55:09","guid":{"rendered":"https:\/\/vdegallo.com\/fr\/?post_type=product&#038;p=4379"},"modified":"2025-05-28T09:56:50","modified_gmt":"2025-05-28T07:56:50","slug":"ancien-testament-le-nouveau-debat-vol-3","status":"publish","type":"product","link":"https:\/\/vdegallo.com\/fr\/produit\/ancien-testament-le-nouveau-debat-vol-3\/","title":{"rendered":"ANCIEN TESTAMENT, LE NOUVEAU DEBAT, VOL. 3"},"content":{"rendered":"<p><a class=\"button alt button-to-linked-product\" href=\"https:\/\/vdegallo.com\/\/product\/ancien-testament-le-nouveau-debat-3-cd-box\/\">Link to Physical CD Box<\/a><\/p>\n<p><strong>ANCIEN TESTAMENT, LE NOUVEAU DEBAT, Vol. 3<br \/>\n<\/strong>Le noyau \u00e9crit de l&rsquo;Ancien Testament sous le roi Josias \u2013 L&rsquo;exil \u00e0 Babylone I \u2013 L&rsquo;exil \u00e0 Babylone II \u2013 Le surgissement du monde grec \u2013 Une r\u00e9action aux d\u00e9couvertes de l&rsquo;arch\u00e9ologie \u2013 Les dieux des temps du polyth\u00e9isme n&rsquo;ont pas totalement disparu \u2013 La Bible elle-m\u00eame nous dit qu&rsquo;elle n&rsquo;est pas un livre d&rsquo;histoire \u2013 La cr\u00e9ation du peuple juif est la cr\u00e9ation d&rsquo;un nouveau temps \u2013 Nous sommes dans le roman.<br \/>\n<strong><br \/>\nAlbert de Pury, Thomas R\u00f6mer, Richard Lebeau, Othmar Keel, Marc-Rapha\u00ebl Guedj, Marek Halter<\/strong>, th\u00e9ologiens.<\/p>\n","protected":false},"excerpt":{"rendered":"<p>&nbsp;<br \/>\n<iframe style=\"border-radius:12px\" src=\"https:\/\/open.spotify.com\/embed\/album\/1CnEkg70mYdjB0328egp7c?utm_source=generator&#038;theme=0\" width=\"100%\" height=\"352\" frameBorder=\"0\" allowfullscreen=\"\" allow=\"autoplay; clipboard-write; encrypted-media; fullscreen; picture-in-picture\" loading=\"lazy\"><\/iframe><\/p>\n","protected":false},"featured_media":597,"comment_status":"open","ping_status":"closed","template":"","meta":{"_acf_changed":false},"product_brand":[],"product_cat":[5160],"product_tag":[],"class_list":["post-4379","product","type-product","status-publish","has-post-thumbnail","vde_interprets-de-pury-albert","vde_interprets-guedj-marc-raphael","vde_interprets-halter-marek","vde_interprets-keel-othmar","vde_interprets-lebeau-richard","vde_interprets-romer-thomas","product_cat-poesie-textes-contes","first","instock","taxable","shipping-taxable","product-type-simple"],"acf":[],"_links":{"self":[{"href":"https:\/\/vdegallo.com\/fr\/wp-json\/wp\/v2\/product\/4379","targetHints":{"allow":["GET"]}}],"collection":[{"href":"https:\/\/vdegallo.com\/fr\/wp-json\/wp\/v2\/product"}],"about":[{"href":"https:\/\/vdegallo.com\/fr\/wp-json\/wp\/v2\/types\/product"}],"replies":[{"embeddable":true,"href":"https:\/\/vdegallo.com\/fr\/wp-json\/wp\/v2\/comments?post=4379"}],"wp:featuredmedia":[{"embeddable":true,"href":"https:\/\/vdegallo.com\/fr\/wp-json\/wp\/v2\/media\/597"}],"wp:attachment":[{"href":"https:\/\/vdegallo.com\/fr\/wp-json\/wp\/v2\/media?parent=4379"}],"wp:term":[{"taxonomy":"product_brand","embeddable":true,"href":"https:\/\/vdegallo.com\/fr\/wp-json\/wp\/v2\/product_brand?post=4379"},{"taxonomy":"product_cat","embeddable":true,"href":"https:\/\/vdegallo.com\/fr\/wp-json\/wp\/v2\/product_cat?post=4379"},{"taxonomy":"product_tag","embeddable":true,"href":"https:\/\/vdegallo.com\/fr\/wp-json\/wp\/v2\/product_tag?post=4379"}],"curies":[{"name":"wp","href":"https:\/\/api.w.org\/{rel}","templated":true}]}}

<p><a class="button alt button-to-linked-product" href="https://vdegallo.com//product/ancien-testament-le-nouveau-debat-3-cd-box/">Link to Physical CD Box</a></p>
<p><strong>ANCIEN TESTAMENT, LE NOUVEAU DEBAT, Vol. 3<br />
</strong>Le noyau écrit de l&rsquo;Ancien Testament sous le roi Josias – L&rsquo;exil à Babylone I – L&rsquo;exil à Babylone II – Le surgissement du monde grec – Une réaction aux découvertes de l&rsquo;archéologie – Les dieux des temps du polythéisme n&rsquo;ont pas totalement disparu – La Bible elle-même nous dit qu&rsquo;elle n&rsquo;est pas un livre d&rsquo;histoire – La création du peuple juif est la création d&rsquo;un nouveau temps – Nous sommes dans le roman.<br />
<strong><br />
Albert de Pury, Thomas Römer, Richard Lebeau, Othmar Keel, Marc-Raphaël Guedj, Marek Halter</strong>, théologiens.</p>
